 What is the hundreds digit of v(-38)?
0
Let s = 28431 + -9232. What is the thousands digit of s?
9
Suppose -33*c + 451 = -32*c - 4*s, 4*c = -s + 1821. Suppose -457*z + c*z + 2726 = 0. What is the thousands digit of z?
1
Let j = 11 - -85. Suppose -3*w + j = -2*w + 3*i, 4*w + 3*i - 402 = 0. What is the tens digit of w?
0
Let s = 90 - 94. Let l(k) = -2*k - 9. Let o be l(s). Let q(f) = 35*f**2 + 2*f + 1. What is the units digit of q(o)?
4
Let n be 3/(-15)*4 - (-8)/10. Suppose n = 30*l - 28*l - 46. Suppose 3*y - 64 - l = 0. What is the units digit of y?
9
Let s(d) = -2*d**3 + 9*d**2 + 7*d + 4. Let t be s(-6). Suppose -q = -4*x - 25 + t, -363 = -2*x - 5*q. What is the hundreds digit of x?
1
Suppose 14 = 5*g - 11. Suppose g*a = -3*k + 946, 0 = a - 0 + 4. Let p = k + -209. What is the units digit of p?
3
Let a(v) = 9*v + 135. Let l be (-1*(17 + 4))/(-1). What is the tens digit of a(l)?
2
Let q = -34869 - -53059. What is the ten thousands digit of q?
1
Let t = 0 + 12. Let p(i) = i**2 - 7*i + 4. Let v be p(t). Suppose -4*j = -4*a + 240, j - v = -a - 0*j. What is the tens digit of a?
6
Let n be 12/1*(1 + 19). Let k = 1124 - 1118. Suppose -4*c + 2*x = -n, -2*c - k*x + 120 = -2*x. What is the units digit of c?
0
Let d(f) = -f**3 - 9*f**2 - 11*f + 6. Let p be d(-8). What is the units digit of p/(-35)*595/20*-8?
4
What is the hundreds digit of -5595*(1/5 + (-253)/165)?
4
Let g(m) be the second derivative of -m + 1/3*m**3 + 0 + 97/2*m**2. What is the units digit of g(0)?
7
Let g be (-2396)/(-16) + 2/8. Let d(l) = -83*l - 33. Let a be d(-3). Let u = a - g. What is the units digit of u?
6
Let i(h) = 7 - 17 + 5 + 4 + 2 - 215*h. What is the units digit of i(-2)?
1
Let x(u) = 2*u**2 - 26*u + 96. Let m be x(21). Let w = -254 + m. What is the tens digit of w?
7
Let g = 17298 + 3645. What is the thousands digit of g?
0
Let v(z) = -5*z**3 + 6*z**2 + 2*z - 2. Let k be v(-1). Suppose k*n + 0*n = 1372. What is the units digit of n?
6
Suppose -135*x = -105*x - 237960. What is the tens digit of x?
3
Suppose -9*b = -3*b - 462. Suppose 2*f = 317 + b. What is the hundreds digit of f?
1
Suppose 990*c - 1386613 = 919*c - 389915. What is the units digit of c?
8
Let w(y) = -y**3 + 3*y**2 + 2*y - 4. Let v be 0*4/(1 + -13) - -3. Let s be w(v). Let g = 54 + s. What is the tens digit of g?
5
What is the units digit of -3 + ((-26090)/4 + -3)/(5/(-10))?
8
Suppose 4*d - 6143 - 8473 = 0. What is the thousands digit of d?
3
What is the thousands digit of ((-162)/(-405))/(30297/30295 + -1)?
6
Let y = -55466 - -88057. What is the units digit of y?
1
What is the tens digit of (-3*2/27)/(584/(-19318428))?
5
Suppose 281435 = 4*u - y, -5148*u + 5143*u = -3*y - 351792. What is the hundreds digit of u?
3
Let g be (36/(-10))/((-66)/18260). Suppose 2*k = g + 20. What is the units digit of k?
8
Suppose 0 = 3*f + 5*f - 10920. Suppose 5*j + f = 4*x, -j + 1165 + 194 = 4*x. What is the tens digit of x?
4
Let n(c) be the second derivative of -71*c**3/6 + 86*c**2 - 84*c. What is the tens digit of n(-5)?
2
Let c be (-100)/26 + (-4)/26. Let q(m) = -17*m**3 - 3*m**2 + 6*m - 24. What is the hundreds digit of q(c)?
9
Let j(q) = -2 + 3*q - 24*q**2 + 13*q**3 + 20*q**2 + 0 + 62*q**3. What is the hundreds digit of j(2)?
5
Let c = 15497 + -8260. What is the tens digit of c?
3
Suppose 93 = 3*u + 4*z, -55*z = -51*z. What is the hundreds digit of ((-3100)/u)/(-2 + 93/48)?
6
Suppose 33324 = 11*h - 19927. What is the units digit of h?
1
Suppose -32*t = -60*t + 101500. What is the thousands digit of t?
3
Let c = 435 - 521. Let b = c + 1647. What is the hundreds digit of b?
5
What is the tens digit of 1/10*2 + (-669272)/(-40) + -7?
2
Suppose -291*o + 228*o = -606123. What is the hundreds digit of o?
6
Let l(w) = 2*w**2 - 3*w + 7. Let m(j) = -j**3 - 7*j**2 - 5*j + 19. Let b be m(-6). Suppose -3*g = f + 10, b = 5*f + 3*g + 39. What is the units digit of l(f)?
1
Let v = -177 - 47. Let a = 262 - v. What is the hundreds digit of a?
4
What is the ten thousands digit of 97/(4 + (-1259)/315) - (18 - 12)?
3
Let a be 39/(-78)*(5 + 1 + 0). What is the hundreds digit of a/(-12) + 4/(32/1046)?
1
Let v(b) = -5*b**2 + 30*b**2 + 38*b**2 - 16*b**2 + 34*b. What is the hundreds digit of v(4)?
8
Suppose -2*s + s - 8 = -4*q, -5*q - 17 = s. Suppose 3*p = b + 44, 8*p + 40 = 11*p - 5*b. What is the tens digit of s/30 + 606/p?
4
Suppose -5*x + 9 = -3*b, 4*x - 4*b = -5*b - 3. Suppose 24*j - 1796 - 5452 = x. What is the hundreds digit of j?
3
Let o(u) = -u**2 - 7*u - 4. Let r be o(-6). Let d(z) = 2*z**2 + 13*z - 5. Let p be d(-7). What is the units digit of 100 + -4 + p + r?
0
Suppose 18*v + 114 = 42. Let h be v/(-10) - ((-2240)/25 + -8). What is the tens digit of (-1217)/(-7) - (-14)/h?
7
Suppose 69*n - 1150053 + 12539 = 3332. What is the units digit of n?
4
Suppose -84*q = -76*q - 1480. Suppose 3*b - q = -2*h, -2*b = 2*b - 2*h - 270. What is the tens digit of b?
6
Let q(g) = -1248*g - 9. Let i be q(-4). Suppose 30*o = i + 1467. What is the tens digit of o?
1
Let d(u) = 10*u + 29. Let b be d(26). Suppose 0 = c + 71 + 105. Let a = b + c. What is the units digit of a?
3
Suppose 0 = -6*k + 2*a + 60554, -6*a - 10094 = -k - 4*a. What is the tens digit of k?
9
Suppose 56262 - 2782 = 5*q - c, -3*q + 4*c + 32088 = 0. What is the ten thousands digit of q?
1
Suppose -3*u = t - 4*t, 2*u - 12 = -t. Let j(w) = 7*w + w + w**2 - u*w + 17 + 11*w. What is the tens digit of j(-16)?
3
Let z be (8477/14)/(-7) - 1/(-2). Suppose -4*h = -0*h + 664. Let g = z - h. What is the tens digit of g?
8
Let f = 119 + -146. Let s be 24/(((-2)/f)/(2/6)). Suppose -104*k - 492 = -s*k. What is the tens digit of k?
2
Let s = -593 + 680. Suppose n + d = -25, 3*n + n - 2*d + 112 = 0. Let i = n + s. What is the tens digit of i?
6
Suppose -12*t = -27*t + 33570. Suppose -5686 + t = -8*w. What is the units digit of w?
1
Let m(n) be the first derivative of 4/3*n**3 - 8*n + 1/4*n**4 - 7/2*n**2 + 6. What is the units digit of m(-5)?
2
Let l = -12252 - -22208. What is the hundreds digit of l?
9
Suppose -576 - 144 = -15*k. What is the thousands digit of 10/8 + 62196/k?
1
Let s = 10077 + 31942. What is the thousands digit of s?
2
Suppose 52*a - 51*a = 0. Suppose a*s = -s + 68. What is the tens digit of s?
6
Suppose 19*i + 20 = -208. Let j(v) = v**3 + 15*v**2 - 27*v - 17. What is the units digit of j(i)?
9
What is the ten thousands digit of 18780 - (66/(-99))/(2/3)*7?
1
Suppose -2*x = d + d - 14, 3*x = 2*d + 11. Suppose 2*v + i - 353 = d*i, 0 = 5*v + 5*i - 875. What is the tens digit of v?
7
Suppose 4*a - 38*a + 612 = 0. Suppose -a*x - 1172 = -22*x. What is the hundreds digit of x?
2
Let k(l) = 406*l - 82. Let v be k(6). Let z = -1525 + v. What is the units digit of z?
9
What is the thousands digit of (-2016)/(-1680)*(-2)/((-2)/11695)?
4
Let x(a) = -a**3 + 11*a**2 + 23*a + 1. Let y be x(-11). Suppose 27*t - y = 938. What is the tens digit of t?
2
Suppose -7511 = -4*u + 2*o + 3347, -2*o = -3*u + 8143. What is the tens digit of u?
1
Suppose -4*x + 1167 = 5*b - 775, 3*x - 1554 = -4*b. Suppose -r - 5*r = -b. What is the units digit of r/1 + -2 + 0/5?
3
Let a = -1 + 2. Let k(s) = -s**3 - s**2 - 2*s + 2. Let p be k(a). Let r(f) = -37*f - 6. What is the units digit of r(p)?
8
Let h(f) = 76*f - 87 - 82 + 30. What is the tens digit of h(7)?
9
Let p(i) = -28*i**3 + 9*i**2 - 23*i - 24. What is the hundreds digit of p(-9)?
3
Let z be (42/9)/(6/9). Suppose -z*o = 11*o - 7614. What is the hundreds digit of o?
4
Let x(b) = 39*b + 232. Let d be x(-6). Suppose 0 = -4*c - 15 - 1. What is the hundreds digit of (2*1/c)/(d/420)?
1
Let f(q) = q**2 + 1. Let u(y) = 3*y - 5*y + 4*y - 7. Let m be u(-2). What is the hundreds digit of f(m)?
1
Let k = -571 - -1519. Let u = -579 + k. What is the units digit of u?
9
Suppose -43*n + 2*n + 255225 = 0. What is the units digit of n?
5
Let l(n) = -n**3 - n**2 + 4*n - 4. Let k be l(2). What is the tens digit of (-23592)/(-34) - k/68?
9
Suppose -m + 56 = 3*m. Let c be (8/(-6))/(2 + m/(-6)). Suppose c*a + 12 = -b + 84, 0 = -b. What is the tens digit of a?
1
Suppose 4*b + 17566 = 48890. What is the units digit of b?
1
Suppose -i = -k + 32526, k - 7*i = 47142 - 14598. What is the ten thousands digit of k?
3
Suppose -2102*m = -2094*m - 232560. What is the ten thousands digit of m?
2
